{"id":116,"date":"2017-03-03T17:05:09","date_gmt":"2017-03-03T16:05:09","guid":{"rendered":"https:\/\/aikiweb.micnet.ch\/?page_id=116"},"modified":"2022-01-09T16:26:50","modified_gmt":"2022-01-09T15:26:50","slug":"tamura-shihan-und-fsa","status":"publish","type":"page","link":"https:\/\/aikikai-test.ch\/?page_id=116","title":{"rendered":"Tamura Shihan und FSA"},"content":{"rendered":"<p>Meister Nobuyoshi Tamura (8. Dan Aikikai So Hombu) wurde am 2. M\u00e4rz 1933 in Osaka geboren. Er begann schon sehr jung mit der Aus\u00fcbung der Kampfk\u00fcnste und trat 1953 als Uchideshi ins Hombu Dojo ein. Schon bald wurde er einer der Lieblingssch\u00fcler und bevorzugten Uke von Morihei Ueshiba. Innerhalb der Gruppe der O Sensei nahe stehenden Sch\u00fcler spielte Tamura Sensei eine \u00fcberragende Rolle bei der Verbreitung des Aikido ausserhalb Japans.<\/p>\n<p>Tamura Sensei lebte viele Jahrzehnten in Frankreich und widmet sein Leben seit 1964 der Verbreitung des Aikido in Frankreich und Europa. Als einer der letzten direkten Sch\u00fcler von O&#8217;Sensei Morihei Ueshiba wurde er auf der ganzen Welt hoch gesch\u00e4tzt und leitete als Delegierter des Aikikai Tokio f\u00fcr Europa mit weit \u00fcber 70 Jahren regelm\u00e4ssig Seminare.<\/p>\n<p>Tamura Sensei starb am 9. Juli 2010.<\/p>\n<p><img decoding=\"async\" class=\"alignleft wp-image-3700 size-medium\" src=\"https:\/\/aikikai-test.ch\/wp-content\/uploads\/2017\/07\/fsa-300x96.gif\" alt=\"\" width=\"300\" height=\"96\" \/>Der Aiki-Kai Z\u00fcrich ist Mitglied der FSA\/SAF, der Schweizerischen Aikido F\u00f6deration, die 1984 gegr\u00fcndet wurde und sich an der Aikido-Lehre von N. Tamura Shihan orientiert. Der Verband organisiert jedes Jahr 9-10 Stages mit nationalen und internationalen Meistern und es finden zwei Mal im Jahr Dan-Pr\u00fcfungen statt.<\/p>\n<p>Die FSA\/SAF ist offiziell vom &#8222;AIKIKAI FOUNDATION Aikido World Headquarter&#8220; anerkannt, deshalb sind auch die verliehenen Dan-Gradierungen vom Hombu Dojo anerkannt und so weltweit g\u00fcltig.<\/p>\n<p>Jedes Mitglied des Aiki-Kai Z\u00fcrich wird bei seinem Club-Beitritt automatisch Mitglied der FSA\/SAF und bezahlt mit seinem Club-Beitrag auch die FSA-Geb\u00fchr.<\/p>\n","protected":false},"excerpt":{"rendered":"<p>Meister Nobuyoshi Tamura (8. Dan Aikikai So Hombu) wurde am 2. M\u00e4rz 1933 in Osaka geboren. Er begann schon sehr jung mit der Aus\u00fcbung der Kampfk\u00fcnste und trat 1953 als Uchideshi ins Hombu Dojo ein. Schon bald wurde er einer der Lieblingssch\u00fcler und bevorzugten Uke von Morihei Ueshiba. Innerhalb der Gruppe der O Sensei nahe &hellip; <\/p>\n<p class=\"link-more\"><a href=\"https:\/\/aikikai-test.ch\/?page_id=116\" class=\"more-link\"><span class=\"screen-reader-text\">\u201eTamura Shihan und FSA\u201c <\/span>weiterlesen<\/a><\/p>\n","protected":false},"author":1,"featured_media":0,"parent":0,"menu_order":0,"comment_status":"closed","ping_status":"closed","template":"","meta":{"footnotes":""},"class_list":["post-116","page","type-page","status-publish","hentry"],"_links":{"self":[{"href":"https:\/\/aikikai-test.ch\/index.php?rest_route=\/wp\/v2\/pages\/116","targetHints":{"allow":["GET"]}}],"collection":[{"href":"https:\/\/aikikai-test.ch\/index.php?rest_route=\/wp\/v2\/pages"}],"about":[{"href":"https:\/\/aikikai-test.ch\/index.php?rest_route=\/wp\/v2\/types\/page"}],"author":[{"embeddable":true,"href":"https:\/\/aikikai-test.ch\/index.php?rest_route=\/wp\/v2\/users\/1"}],"replies":[{"embeddable":true,"href":"https:\/\/aikikai-test.ch\/index.php?rest_route=%2Fwp%2Fv2%2Fcomments&post=116"}],"version-history":[{"count":6,"href":"https:\/\/aikikai-test.ch\/index.php?rest_route=\/wp\/v2\/pages\/116\/revisions"}],"predecessor-version":[{"id":5420,"href":"https:\/\/aikikai-test.ch\/index.php?rest_route=\/wp\/v2\/pages\/116\/revisions\/5420"}],"wp:attachment":[{"href":"https:\/\/aikikai-test.ch\/index.php?rest_route=%2Fwp%2Fv2%2Fmedia&parent=116"}],"curies":[{"name":"wp","href":"https:\/\/api.w.org\/{rel}","templated":true}]}}