{"id":34,"date":"2017-03-03T14:39:19","date_gmt":"2017-03-03T14:39:19","guid":{"rendered":"https:\/\/aikiweb.micnet.ch\/?page_id=34"},"modified":"2021-11-17T18:23:33","modified_gmt":"2021-11-17T17:23:33","slug":"was-ist-aikido","status":"publish","type":"page","link":"https:\/\/aikikai-test.ch\/?page_id=34","title":{"rendered":"Was ist Aikido"},"content":{"rendered":"<p class=\"p1\">Aikido ist eine japanische Kampfkunst, die es erlaubt sich gegen bewaffnete und unbewaffnete Angreifer zu verteidigen.\u00a0 Dabei versucht Aikido &#8211; anders als andere Kampfk\u00fcnste &#8211; die aggressive Haltung des Angreifers nicht niederzuk\u00e4mpfen, sondern zu neutralisieren.<\/p>\n<p class=\"p4\"><span class=\"s1\">Dieses Prinzip der &#8222;Gewaltlosigkeit&#8220; beruht darauf sich mental zu entleeren und zugleich mit allen Sinnen dem zu \u00f6ffnen, was uns umgibt: Sich in perfekte Harmonie zu bringen mit den Kr\u00e4ften des uns umgebenden Universums, sei es in Ruhe oder Aufruhr, ist die Essenz von<\/span><\/p>\n<p class=\"p4\"><span class=\"s1\">AI &#8211; Harmonie, KI &#8211; Energie, DO &#8211; Weg<\/span><\/p>\n<p class=\"p4\"><span class=\"s1\">Als ein Weg der Koordination mentaler und physischer Energie, stellt Aikido eine aussergew\u00f6hnliche Bewegungsform dar, deren regelm\u00e4ssiges \u00dcben uns Ausgewogenheit von K\u00f6rper und Geist bringt.<\/span><\/p>\n<p class=\"p5\"><span class=\"s2\">Wie das Judo kennt auch Aikido verschiedene Formen des Werfens und Festhaltens mit deren Hilfe der Angreifer kontrolliert werden kann. Diese Bewegungen k\u00f6nnen im Aikido &#8211; \u00e4hnlich dem Karate &#8211; von Schl\u00e4gen zu den Vitalpunkten begleitet sein. Obwohl Aikido sehr spielerisch und harmonisch wirkt, sind die Formen &#8211; richtig ausgef\u00fchrt &#8211; von einer aussergew\u00f6hnlichen Effektivit\u00e4t.<\/span><\/p>\n","protected":false},"excerpt":{"rendered":"<p>Aikido ist eine japanische Kampfkunst, die es erlaubt sich gegen bewaffnete und unbewaffnete Angreifer zu verteidigen.\u00a0 Dabei versucht Aikido &#8211; anders als andere Kampfk\u00fcnste &#8211; die aggressive Haltung des Angreifers nicht niederzuk\u00e4mpfen, sondern zu neutralisieren. Dieses Prinzip der &#8222;Gewaltlosigkeit&#8220; beruht darauf sich mental zu entleeren und zugleich mit allen Sinnen dem zu \u00f6ffnen, was uns &hellip; <\/p>\n<p class=\"link-more\"><a href=\"https:\/\/aikikai-test.ch\/?page_id=34\" class=\"more-link\"><span class=\"screen-reader-text\">\u201eWas ist Aikido\u201c <\/span>weiterlesen<\/a><\/p>\n","protected":false},"author":1,"featured_media":0,"parent":0,"menu_order":0,"comment_status":"closed","ping_status":"closed","template":"","meta":{"footnotes":""},"class_list":["post-34","page","type-page","status-publish","hentry"],"_links":{"self":[{"href":"https:\/\/aikikai-test.ch\/index.php?rest_route=\/wp\/v2\/pages\/34","targetHints":{"allow":["GET"]}}],"collection":[{"href":"https:\/\/aikikai-test.ch\/index.php?rest_route=\/wp\/v2\/pages"}],"about":[{"href":"https:\/\/aikikai-test.ch\/index.php?rest_route=\/wp\/v2\/types\/page"}],"author":[{"embeddable":true,"href":"https:\/\/aikikai-test.ch\/index.php?rest_route=\/wp\/v2\/users\/1"}],"replies":[{"embeddable":true,"href":"https:\/\/aikikai-test.ch\/index.php?rest_route=%2Fwp%2Fv2%2Fcomments&post=34"}],"version-history":[{"count":3,"href":"https:\/\/aikikai-test.ch\/index.php?rest_route=\/wp\/v2\/pages\/34\/revisions"}],"predecessor-version":[{"id":5308,"href":"https:\/\/aikikai-test.ch\/index.php?rest_route=\/wp\/v2\/pages\/34\/revisions\/5308"}],"wp:attachment":[{"href":"https:\/\/aikikai-test.ch\/index.php?rest_route=%2Fwp%2Fv2%2Fmedia&parent=34"}],"curies":[{"name":"wp","href":"https:\/\/api.w.org\/{rel}","templated":true}]}}