{"id":3824,"date":"2017-07-31T15:41:55","date_gmt":"2017-07-31T13:41:55","guid":{"rendered":"https:\/\/aikikai-test.ch\/?page_id=3824"},"modified":"2017-08-05T00:48:38","modified_gmt":"2017-08-04T22:48:38","slug":"our-dojo","status":"publish","type":"page","link":"https:\/\/aikikai-test.ch\/?page_id=3824&lang=en","title":{"rendered":"Our Dojo"},"content":{"rendered":"<p class=\"p1\"><span class=\"s1\"><b>AIKI-KAI Z\u00dcRICH<\/b><\/span><\/p>\n<div class=\"wonderplugingallery-container\" id=\"wonderplugingallery-container-11\" style=\"max-width:640px;margin:0 auto;\"><div class=\"wonderplugingallery\" id=\"wonderplugingallery-11\" data-galleryid=\"11\" data-width=\"640\" data-height=\"360\" data-skin=\"gallery\" data-playsinline=\"false\" data-mutevideo=\"false\" data-random=\"false\" data-autoslide=\"false\" data-autoplayvideo=\"false\" data-schemamarkup=\"false\" data-stopallplaying=\"false\" data-reloadonvideoend=\"false\" data-donotuseposter=\"false\" data-enabletabindex=\"false\" data-loadnextonvideoend=\"false\" data-hidetitlewhenvideoisplaying=\"false\" data-disablehovereventontouch=\"false\" data-autoslideandplayafterfirstplayed=\"false\" data-html5player=\"true\" data-responsive=\"true\" data-fullwidth=\"false\" data-showtitle=\"true\" data-showdescription=\"true\" data-showplaybutton=\"true\" data-showfullscreenbutton=\"true\" data-showtimer=\"true\" data-showcarousel=\"true\" data-galleryshadow=\"false\" data-slideshadow=\"true\" data-thumbshowtitle=\"true\" data-thumbshowimage=\"true\" data-thumbshadow=\"true\" data-lightboxshowtitle=\"true\" data-lightboxshowdescription=\"true\" data-specifyid=\"true\" data-donotinit=\"false\" data-addinitscript=\"false\" data-triggerresize=\"false\" data-thumbcolumnsresponsive=\"false\" data-thumbverticalmiddle=\"false\" data-removeinlinecss=\"true\" data-switchonmouseover=\"false\" data-showcategory=\"true\" data-showimgtitle=\"false\" data-titlesmallscreen=\"false\" data-initsocial=\"true\" data-showsocial=\"false\" data-showemail=\"false\" data-showfacebook=\"true\" data-showtwitter=\"true\" data-showpinterest=\"true\" data-socialrotateeffect=\"true\" data-doshortcodeontext=\"false\" data-loop=\"0\" data-duration=\"1500\" data-slideduration=\"1000\" data-slideshowinterval=\"6000\" data-googleanalyticsaccount=\"\" data-resizemode=\"fill\" data-imagetoolboxmode=\"mouseover\" data-effect=\"fade\" data-padding=\"12\" data-bgcolor=\"\" data-bgimage=\"\" data-thumbwidth=\"120\" data-thumbheight=\"60\" data-thumbgap=\"8\" data-thumbrowgap=\"16\" data-lightboxtextheight=\"72\" data-lightboxtitlecss=\"{color:#333333; font:bold 12px Arial,Helvetica,sans-serif; overflow:hidden; white-space:normal; line-height:18px;}\" data-lightboxdescriptioncss=\"{color:#333333; font:normal 12px Arial,Helvetica,sans-serif; overflow:hidden; white-space:normal; line-height:14px;}\" data-titlecss=\"{color:#ffffff; font-size:14px; font-family:Armata, sans-serif, Arial; overflow:hidden; text-align:left; padding:10px 0px 10px 10px; background:rgb(102, 102, 102) transparent; background:rgba(102, 102, 102, 0.6);}\" data-descriptioncss=\"{color:#ffffff; font-size:13px; font-family:Armata, sans-serif, Arial; overflow:hidden; text-align:left; padding:0px 0px 10px 10px; background:rgb(102, 102, 102) transparent; background:rgba(102, 102, 102, 0.6);}\" data-titleheight=\"72\" data-titlesmallscreenwidth=\"640\" data-titleheightsmallscreen=\"148\" data-socialmode=\"mouseover\" data-socialposition=\"position:absolute;top:8px;right:8px;\" data-socialpositionlightbox=\"position:absolute;top:8px;right:8px;\" data-socialdirection=\"horizontal\" data-socialbuttonsize=\"32\" data-socialbuttonfontsize=\"18\" data-defaultvideovolume=\"1\" data-thumbtitleheight=\"24\" data-thumbmediumtitleheight=\"48\" data-thumbsmalltitleheight=\"72\" data-categoryheight=\"48\" data-categorydefault=\"all\" data-triggerresizedelay=\"100\" data-thumbmediumsize=\"800\" data-thumbsmallsize=\"480\" data-thumbmediumwidth=\"64\" data-thumbmediumheight=\"64\" data-thumbsmallwidth=\"48\" data-thumbsmallheight=\"48\" data-imgtitle=\"title\" data-categorystyle=\"buttons\" data-categorylist=\"[{&quot;slug&quot;:&quot;all&quot;,&quot;caption&quot;:&quot;Show All&quot;}]\" data-jsfolder=\"https:\/\/aikikai-test.ch\/wp-content\/plugins\/wonderplugin-gallery\/engine\/\" style=\"display:none;\" ><a class=\"html5galleryimglink\" href=\"\/wp-content\/uploads\/2017\/07\/IMG_3451.jpg\" data-mediatype=1><img decoding=\"async\" class=\"html5galleryimg html5gallery-tn-image\" src=\"\/wp-content\/uploads\/2017\/07\/IMG_3451-150x150.jpg\" alt=\"IMG_3451\"><\/a><div class=\"html5gallery-info\"><div class=\"html5gallery-title\">IMG_3451<\/div><\/div><a class=\"html5galleryimglink\" href=\"\/wp-content\/uploads\/2017\/07\/IMG_3452.jpg\" data-mediatype=1><img decoding=\"async\" class=\"html5galleryimg html5gallery-tn-image\" src=\"\/wp-content\/uploads\/2017\/07\/IMG_3452-150x150.jpg\" alt=\"IMG_3452\"><\/a><div class=\"html5gallery-info\"><div class=\"html5gallery-title\">IMG_3452<\/div><\/div><a class=\"html5galleryimglink\" href=\"\/wp-content\/uploads\/2018\/05\/757_9109.jpg\" data-mediatype=1><img decoding=\"async\" class=\"html5galleryimg html5gallery-tn-image\" src=\"\/wp-content\/uploads\/2018\/05\/757_9109-150x150.jpg\" alt=\"757_9109\"><\/a><div class=\"html5gallery-info\"><div class=\"html5gallery-title\">757_9109<\/div><\/div><a class=\"html5galleryimglink\" href=\"\/wp-content\/uploads\/2017\/07\/IMG_3453.jpg\" data-mediatype=1><img decoding=\"async\" class=\"html5galleryimg html5gallery-tn-image\" src=\"\/wp-content\/uploads\/2017\/07\/IMG_3453-150x150.jpg\" alt=\"IMG_3453\"><\/a><div class=\"html5gallery-info\"><div class=\"html5gallery-title\">IMG_3453<\/div><\/div><a class=\"html5galleryimglink\" href=\"\/wp-content\/uploads\/2017\/07\/IMG_3446.jpg\" data-mediatype=1><img decoding=\"async\" class=\"html5galleryimg html5gallery-tn-image\" src=\"\/wp-content\/uploads\/2017\/07\/IMG_3446-150x150.jpg\" alt=\"IMG_3446\"><\/a><div class=\"html5gallery-info\"><div class=\"html5gallery-title\">IMG_3446<\/div><\/div><a class=\"html5galleryimglink\" href=\"\/wp-content\/uploads\/2018\/05\/757_9103.jpg\" data-mediatype=1><img decoding=\"async\" class=\"html5galleryimg html5gallery-tn-image\" src=\"\/wp-content\/uploads\/2018\/05\/757_9103-150x150.jpg\" alt=\"757_9103\"><\/a><div class=\"html5gallery-info\"><div class=\"html5gallery-title\">757_9103<\/div><\/div><a class=\"html5galleryimglink\" href=\"\/wp-content\/uploads\/2017\/07\/IMG_3445.jpg\" data-mediatype=1><img decoding=\"async\" class=\"html5galleryimg html5gallery-tn-image\" src=\"\/wp-content\/uploads\/2017\/07\/IMG_3445-150x150.jpg\" alt=\"IMG_3445\"><\/a><div class=\"html5gallery-info\"><div class=\"html5gallery-title\">IMG_3445<\/div><\/div><a class=\"html5galleryimglink\" href=\"\/wp-content\/uploads\/2017\/07\/IMG_3444.jpg\" data-mediatype=1><img decoding=\"async\" class=\"html5galleryimg html5gallery-tn-image\" src=\"\/wp-content\/uploads\/2017\/07\/IMG_3444-150x150.jpg\" alt=\"IMG_3444\"><\/a><div class=\"html5gallery-info\"><div class=\"html5gallery-title\">IMG_3444<\/div><\/div><a class=\"html5galleryimglink\" href=\"\/wp-content\/uploads\/2018\/05\/757_9101.jpg\" data-mediatype=1><img decoding=\"async\" class=\"html5galleryimg html5gallery-tn-image\" src=\"\/wp-content\/uploads\/2018\/05\/757_9101-150x150.jpg\" alt=\"757_9101\"><\/a><div class=\"html5gallery-info\"><div class=\"html5gallery-title\">757_9101<\/div><\/div><a class=\"html5galleryimglink\" href=\"\/wp-content\/uploads\/2017\/07\/D75_3226.jpg\" data-mediatype=1><img decoding=\"async\" class=\"html5galleryimg html5gallery-tn-image\" src=\"\/wp-content\/uploads\/2017\/07\/D75_3226-150x150.jpg\" alt=\"D75_3226\"><\/a><div class=\"html5gallery-info\"><div class=\"html5gallery-title\">D75_3226<\/div><\/div><a class=\"html5galleryimglink\" href=\"\/wp-content\/uploads\/2017\/07\/D75_3222.jpg\" data-mediatype=1><img decoding=\"async\" class=\"html5galleryimg html5gallery-tn-image\" src=\"\/wp-content\/uploads\/2017\/07\/D75_3222-150x150.jpg\" alt=\"D75_3222\"><\/a><div class=\"html5gallery-info\"><div class=\"html5gallery-title\">D75_3222<\/div><\/div><a class=\"html5galleryimglink\" href=\"\/wp-content\/uploads\/2018\/05\/757_9082.jpg\" data-mediatype=1><img decoding=\"async\" class=\"html5galleryimg html5gallery-tn-image\" src=\"\/wp-content\/uploads\/2018\/05\/757_9082-150x150.jpg\" alt=\"757_9082\"><\/a><div class=\"html5gallery-info\"><div class=\"html5gallery-title\">757_9082<\/div><\/div><a class=\"html5galleryimglink\" href=\"\/wp-content\/uploads\/2017\/07\/D75_3220.jpg\" data-mediatype=1><img decoding=\"async\" class=\"html5galleryimg html5gallery-tn-image\" src=\"\/wp-content\/uploads\/2017\/07\/D75_3220-150x150.jpg\" alt=\"D75_3220\"><\/a><div class=\"html5gallery-info\"><div class=\"html5gallery-title\">D75_3220<\/div><\/div><a class=\"html5galleryimglink\" href=\"\/wp-content\/uploads\/2019\/04\/IMG_1224.jpeg\" data-mediatype=1><img decoding=\"async\" class=\"html5galleryimg html5gallery-tn-image\" src=\"\/wp-content\/uploads\/2019\/04\/IMG_1224-150x150.jpeg\" alt=\"IMG_1224\"><\/a><div class=\"html5gallery-info\"><div class=\"html5gallery-title\">IMG_1224<\/div><\/div><a class=\"html5galleryimglink\" href=\"\/wp-content\/uploads\/2017\/07\/D75_3219.jpg\" data-mediatype=1><img decoding=\"async\" class=\"html5galleryimg html5gallery-tn-image\" src=\"\/wp-content\/uploads\/2017\/07\/D75_3219-150x150.jpg\" alt=\"D75_3219\"><\/a><div class=\"html5gallery-info\"><div class=\"html5gallery-title\">D75_3219<\/div><\/div><a class=\"html5galleryimglink\" href=\"\/wp-content\/uploads\/2018\/05\/757_9077.jpg\" data-mediatype=1><img decoding=\"async\" class=\"html5galleryimg html5gallery-tn-image\" src=\"\/wp-content\/uploads\/2018\/05\/757_9077-150x150.jpg\" alt=\"757_9077\"><\/a><div class=\"html5gallery-info\"><div class=\"html5gallery-title\">757_9077<\/div><\/div><a class=\"html5galleryimglink\" href=\"\/wp-content\/uploads\/2017\/07\/D75_3218.jpg\" data-mediatype=1><img decoding=\"async\" class=\"html5galleryimg html5gallery-tn-image\" src=\"\/wp-content\/uploads\/2017\/07\/D75_3218-150x150.jpg\" alt=\"D75_3218\"><\/a><div class=\"html5gallery-info\"><div class=\"html5gallery-title\">D75_3218<\/div><\/div><a class=\"html5galleryimglink\" href=\"\/wp-content\/uploads\/2017\/07\/D75_3217.jpg\" data-mediatype=1><img decoding=\"async\" class=\"html5galleryimg html5gallery-tn-image\" src=\"\/wp-content\/uploads\/2017\/07\/D75_3217-150x150.jpg\" alt=\"D75_3217\"><\/a><div class=\"html5gallery-info\"><div class=\"html5gallery-title\">D75_3217<\/div><\/div><a class=\"html5galleryimglink\" href=\"\/wp-content\/uploads\/2019\/04\/IMG_1237.jpeg\" data-mediatype=1><img decoding=\"async\" class=\"html5galleryimg html5gallery-tn-image\" src=\"\/wp-content\/uploads\/2019\/04\/IMG_1237-150x150.jpeg\" alt=\"IMG_1237\"><\/a><div class=\"html5gallery-info\"><div class=\"html5gallery-title\">IMG_1237<\/div><\/div><a class=\"html5galleryimglink\" href=\"wp-content\/uploads\/2017\/07\/D75_3216.jpg\" data-mediatype=1><img decoding=\"async\" class=\"html5galleryimg html5gallery-tn-image\" src=\"\/wp-content\/uploads\/2017\/07\/D75_3216-150x150.jpg\" alt=\"D75_3216\"><\/a><div class=\"html5gallery-info\"><div class=\"html5gallery-title\">D75_3216<\/div><\/div><a class=\"html5galleryimglink\" href=\"\/wp-content\/uploads\/2018\/05\/757_9073.jpg\" data-mediatype=1><img decoding=\"async\" class=\"html5galleryimg html5gallery-tn-image\" src=\"\/wp-content\/uploads\/2018\/05\/757_9073-150x150.jpg\" alt=\"757_9073\"><\/a><div class=\"html5gallery-info\"><div class=\"html5gallery-title\">757_9073<\/div><\/div><a class=\"html5galleryimglink\" href=\"\/wp-content\/uploads\/2019\/04\/IMG_1321.jpeg\" data-mediatype=1><img decoding=\"async\" class=\"html5galleryimg html5gallery-tn-image\" src=\"\/wp-content\/uploads\/2019\/04\/IMG_1321-150x150.jpeg\" alt=\"IMG_1321\"><\/a><div class=\"html5gallery-info\"><div class=\"html5gallery-title\">IMG_1321<\/div><\/div><a class=\"html5galleryimglink\" href=\"\/wp-content\/uploads\/2017\/07\/D75_3215.jpg\" data-mediatype=1><img decoding=\"async\" class=\"html5galleryimg html5gallery-tn-image\" src=\"\/wp-content\/uploads\/2017\/07\/D75_3215-150x150.jpg\" alt=\"D75_3215\"><\/a><div class=\"html5gallery-info\"><div class=\"html5gallery-title\">D75_3215<\/div><\/div><a class=\"html5galleryimglink\" href=\"\/wp-content\/uploads\/2017\/07\/D75_3214.jpg\" data-mediatype=1><img decoding=\"async\" class=\"html5galleryimg html5gallery-tn-image\" src=\"\/wp-content\/uploads\/2017\/07\/D75_3214-150x150.jpg\" alt=\"D75_3214\"><\/a><div class=\"html5gallery-info\"><div class=\"html5gallery-title\">D75_3214<\/div><\/div><a class=\"html5galleryimglink\" href=\"\/wp-content\/uploads\/2017\/07\/D75_3212.jpg\" data-mediatype=1><img decoding=\"async\" class=\"html5galleryimg html5gallery-tn-image\" src=\"\/wp-content\/uploads\/2017\/07\/D75_3212-150x150.jpg\" alt=\"D75_3212\"><\/a><div class=\"html5gallery-info\"><div class=\"html5gallery-title\">D75_3212<\/div><\/div><a class=\"html5galleryimglink\" href=\"\/wp-content\/uploads\/2019\/04\/IMG_1553.jpeg\" data-mediatype=1><img decoding=\"async\" class=\"html5galleryimg html5gallery-tn-image\" src=\"\/wp-content\/uploads\/2019\/04\/IMG_1553-150x150.jpeg\" alt=\"IMG_1553\"><\/a><div class=\"html5gallery-info\"><div class=\"html5gallery-title\">IMG_1553<\/div><\/div><a class=\"html5galleryimglink\" href=\"\/wp-content\/uploads\/2017\/07\/D75_3209-591ef82ac1c5b.jpg\" data-mediatype=1><img decoding=\"async\" class=\"html5galleryimg html5gallery-tn-image\" src=\"\/wp-content\/uploads\/2017\/07\/D75_3209-591ef82ac1c5b-150x150.jpg\" alt=\"D75_3209-591ef82ac1c5b\"><\/a><div class=\"html5gallery-info\"><div class=\"html5gallery-title\">D75_3209-591ef82ac1c5b<\/div><\/div><a class=\"html5galleryimglink\" href=\"\/wp-content\/uploads\/2017\/07\/D75_3205.jpg\" data-mediatype=1><img decoding=\"async\" class=\"html5galleryimg html5gallery-tn-image\" src=\"\/wp-content\/uploads\/2017\/07\/D75_3205-150x150.jpg\" alt=\"D75_3205\"><\/a><div class=\"html5gallery-info\"><div class=\"html5gallery-title\">D75_3205<\/div><\/div><a class=\"html5galleryimglink\" href=\"\/wp-content\/uploads\/2018\/05\/757_9032.jpg\" data-mediatype=1><img decoding=\"async\" class=\"html5galleryimg html5gallery-tn-image\" src=\"\/wp-content\/uploads\/2018\/05\/757_9032-150x150.jpg\" alt=\"757_9032\"><\/a><div class=\"html5gallery-info\"><div class=\"html5gallery-title\">757_9032<\/div><\/div><a class=\"html5galleryimglink\" href=\"\/wp-content\/uploads\/2017\/07\/D75_3204.jpg\" data-mediatype=1><img decoding=\"async\" class=\"html5galleryimg html5gallery-tn-image\" src=\"\/wp-content\/uploads\/2017\/07\/D75_3204-150x150.jpg\" alt=\"D75_3204\"><\/a><div class=\"html5gallery-info\"><div class=\"html5gallery-title\">D75_3204<\/div><\/div><a class=\"html5galleryimglink\" href=\"\/wp-content\/uploads\/2017\/07\/D75_3200.jpg\" data-mediatype=1><img decoding=\"async\" class=\"html5galleryimg html5gallery-tn-image\" src=\"\/wp-content\/uploads\/2017\/07\/D75_3200-150x150.jpg\" alt=\"D75_3200\"><\/a><div class=\"html5gallery-info\"><div class=\"html5gallery-title\">D75_3200<\/div><\/div><a class=\"html5galleryimglink\" href=\"\/wp-content\/uploads\/2019\/04\/IMG_1551.jpeg\" data-mediatype=1><img decoding=\"async\" class=\"html5galleryimg html5gallery-tn-image\" src=\"\/wp-content\/uploads\/2019\/04\/IMG_1551-150x150.jpeg\" alt=\"IMG_1551\"><\/a><div class=\"html5gallery-info\"><div class=\"html5gallery-title\">IMG_1551<\/div><\/div><a class=\"html5galleryimglink\" href=\"\/wp-content\/uploads\/2019\/04\/IMG_0143.jpeg\" data-mediatype=1><img decoding=\"async\" class=\"html5galleryimg html5gallery-tn-image\" src=\"\/wp-content\/uploads\/2019\/04\/IMG_0143-150x150.jpeg\" alt=\"IMG_0143\"><\/a><div class=\"html5gallery-info\"><div class=\"html5gallery-title\">IMG_0143<\/div><\/div><a class=\"html5galleryimglink\" href=\"\/wp-content\/uploads\/2017\/07\/D75_3195.jpg\" data-mediatype=1><img decoding=\"async\" class=\"html5galleryimg html5gallery-tn-image\" src=\"\/wp-content\/uploads\/2017\/07\/D75_3195-150x150.jpg\" alt=\"D75_3195\"><\/a><div class=\"html5gallery-info\"><div class=\"html5gallery-title\">D75_3195<\/div><\/div><a class=\"html5galleryimglink\" href=\"\/wp-content\/uploads\/2017\/07\/D75_3192.jpg\" data-mediatype=1><img decoding=\"async\" class=\"html5galleryimg html5gallery-tn-image\" src=\"\/wp-content\/uploads\/2017\/07\/D75_3192-150x150.jpg\" alt=\"D75_3192\"><\/a><div class=\"html5gallery-info\"><div class=\"html5gallery-title\">D75_3192<\/div><\/div><a class=\"html5galleryimglink\" href=\"\/wp-content\/uploads\/2017\/07\/D75_3187.jpg\" data-mediatype=1><img decoding=\"async\" class=\"html5galleryimg html5gallery-tn-image\" src=\"\/wp-content\/uploads\/2017\/07\/D75_3187-150x150.jpg\" alt=\"D75_3187\"><\/a><div class=\"html5gallery-info\"><div class=\"html5gallery-title\">D75_3187<\/div><\/div><a class=\"html5galleryimglink\" href=\"\/wp-content\/uploads\/2019\/04\/IMG_1203.jpeg\" data-mediatype=1><img decoding=\"async\" class=\"html5galleryimg html5gallery-tn-image\" src=\"\/wp-content\/uploads\/2019\/04\/IMG_1203-150x150.jpeg\" alt=\"IMG_1203\"><\/a><div class=\"html5gallery-info\"><div class=\"html5gallery-title\">IMG_1203<\/div><\/div><a class=\"html5galleryimglink\" href=\"\/wp-content\/uploads\/2017\/07\/D75_3184.jpg\" data-mediatype=1><img decoding=\"async\" class=\"html5galleryimg html5gallery-tn-image\" src=\"\/wp-content\/uploads\/2017\/07\/D75_3184-150x150.jpg\" alt=\"D75_3184\"><\/a><div class=\"html5gallery-info\"><div class=\"html5gallery-title\">D75_3184<\/div><\/div><a class=\"html5galleryimglink\" href=\"\/wp-content\/uploads\/2017\/07\/cropped-D75_3226-1.jpg\" data-mediatype=1><img decoding=\"async\" class=\"html5galleryimg html5gallery-tn-image\" src=\"\/wp-content\/uploads\/2017\/07\/cropped-D75_3226-1-150x150.jpg\" alt=\"cropped-D75_3226-1\"><\/a><div class=\"html5gallery-info\"><div class=\"html5gallery-title\">cropped-D75_3226-1<\/div><\/div><a class=\"html5galleryimglink\" href=\"\/wp-content\/uploads\/2019\/04\/IMG_1319.jpeg\" data-mediatype=1><img decoding=\"async\" class=\"html5galleryimg html5gallery-tn-image\" src=\"\/wp-content\/uploads\/2019\/04\/IMG_1319-150x150.jpeg\" alt=\"IMG_1319\"><\/a><div class=\"html5gallery-info\"><div class=\"html5gallery-title\">IMG_1319<\/div><\/div><\/div><\/div><script>function wondergallery_11_appendcss(csscode) {var head=document.head || document.getElementsByTagName(\"head\")[0];var style=document.createElement(\"style\");head.appendChild(style);style.type=\"text\/css\";if (style.styleSheet){style.styleSheet.cssText=csscode;} else {style.appendChild(document.createTextNode(csscode));}};wondergallery_11_appendcss(\"#wonderplugingallery-11 .html5gallery-cat-selection-11 { \ttext-align: center; }  #wonderplugingallery-11 .html5gallery-cat-tag-11 { \tdisplay: inline-block; \tborder: none; \tbackground: transparent; \tcolor: #555;   \tpadding: 6px; \tfont-size: 14px; \tfont-weight: normal; \t   \tfont-family: Lucida Sans Unicode,Lucida Grande,sans-serif,Arial;   \tbox-sizing: border-box;    \tcursor: pointer;   \ttext-align: center;   \ttext-decoration: none;   \ttext-shadow: none;   \ttext-transform: none;   \twhite-space: nowrap;   \t-webkit-font-smoothing: antialiased;   \tborder-radius: 2px;   \ttransition: background-color 0.3s ease; }  #wonderplugingallery-11 .html5gallery-cat-tag-11:hover, #wonderplugingallery-11 .html5gallery-cat-tag-11:focus, #wonderplugingallery-11 .html5gallery-cat-tag-selected-11 { \tcolor: #222; }\");<\/script>\n<p class=\"p4\">The AIKI-KAI Z\u00dcRICH is the oldest and one of the the biggest Dojos in Switzerland. We offer many Aikido classes for children, beginners and advanced Aikido practitioners both\u00a0<a class=\"internal-link\" title=\"Timetable AIKI-KAI Z\u00dcRICH\" href=\"\/classes\/?lang=en\">at noon and in the evening<\/a>.<\/p>\n<p>An open spirit and variety of teaching are among the AIKI-KAI Z\u00dcRICH&#8217;s peculiarities and are reflected in the composition of the <a class=\"internal-link\" title=\"Teacher's board AIKI-KAI Z\u00dcRICH\" href=\"\/lehrerinnnen\/?lang=en\">teachers&#8216; board<\/a>. In our dojo, we study Aikido in a joyful yet serious spirit and strive to understand the Founder&#8217;s path. The beauty of our art allows men and women to practice together independent of level, gender and age.<\/p>\n<p>As a member of the Swiss Aikido Federation (<a title=\"FSA f\u00e9d\u00e9darion suisse d'aikido - SAF schweizerische aikido f\u00f6deration\" href=\"\/tamura-shihan-and-fsa\/?lang=en\" target=\"_blank\" rel=\"noopener\">FSA\/SAF<\/a>) we are inspired by the Aikido of\u00a0Sensei Tamura for over 20 years now. We also have ties of friendship with several other Sensei which we have been inviting for many years now.<\/p>\n<p>I hope we got you interested and hope to see you soon on the mat!<\/p>\n","protected":false},"excerpt":{"rendered":"<p>AIKI-KAI Z\u00dcRICH The AIKI-KAI Z\u00dcRICH is the oldest and one of the the biggest Dojos in Switzerland. We offer many Aikido classes for children, beginners and advanced Aikido practitioners both\u00a0at noon and in the evening. An open spirit and variety of teaching are among the AIKI-KAI Z\u00dcRICH&#8217;s peculiarities and are reflected in the composition of &hellip; <\/p>\n<p class=\"link-more\"><a href=\"https:\/\/aikikai-test.ch\/?page_id=3824&#038;lang=en\" class=\"more-link\"><span class=\"screen-reader-text\">\u201eOur Dojo\u201c <\/span>weiterlesen<\/a><\/p>\n","protected":false},"author":2,"featured_media":0,"parent":0,"menu_order":0,"comment_status":"closed","ping_status":"closed","template":"","meta":{"footnotes":""},"class_list":["post-3824","page","type-page","status-publish","hentry"],"_links":{"self":[{"href":"https:\/\/aikikai-test.ch\/index.php?rest_route=\/wp\/v2\/pages\/3824","targetHints":{"allow":["GET"]}}],"collection":[{"href":"https:\/\/aikikai-test.ch\/index.php?rest_route=\/wp\/v2\/pages"}],"about":[{"href":"https:\/\/aikikai-test.ch\/index.php?rest_route=\/wp\/v2\/types\/page"}],"author":[{"embeddable":true,"href":"https:\/\/aikikai-test.ch\/index.php?rest_route=\/wp\/v2\/users\/2"}],"replies":[{"embeddable":true,"href":"https:\/\/aikikai-test.ch\/index.php?rest_route=%2Fwp%2Fv2%2Fcomments&post=3824"}],"version-history":[{"count":4,"href":"https:\/\/aikikai-test.ch\/index.php?rest_route=\/wp\/v2\/pages\/3824\/revisions"}],"predecessor-version":[{"id":3972,"href":"https:\/\/aikikai-test.ch\/index.php?rest_route=\/wp\/v2\/pages\/3824\/revisions\/3972"}],"wp:attachment":[{"href":"https:\/\/aikikai-test.ch\/index.php?rest_route=%2Fwp%2Fv2%2Fmedia&parent=3824"}],"curies":[{"name":"wp","href":"https:\/\/api.w.org\/{rel}","templated":true}]}}