{"id":97,"date":"2017-03-03T17:05:08","date_gmt":"2017-03-03T16:05:08","guid":{"rendered":"https:\/\/aikiweb.micnet.ch\/?page_id=97"},"modified":"2022-01-09T13:12:50","modified_gmt":"2022-01-09T12:12:50","slug":"hans-balmer","status":"publish","type":"page","link":"https:\/\/aikikai-test.ch\/?page_id=97","title":{"rendered":"Hans Balmer"},"content":{"rendered":"<div class=\"WordSection1\">\n<table class=\"MsoTableGrid\" style=\"border-collapse: collapse; border: none; mso-yfti-tbllook: 1184; mso-padding-alt: 0cm 5.4pt 0cm 5.4pt; mso-border-insideh: none; mso-border-insidev: none;\" border=\"0\" cellspacing=\"0\" cellpadding=\"0\">\n<tbody>\n<tr style=\"mso-yfti-irow: 0; mso-yfti-firstrow: yes;\">\n<td style=\"width: 150.9pt; padding: 0cm 5.4pt 0cm 5.4pt;\" rowspan=\"4\" width=\"151\">\n<p class=\"MsoNormal\"><span lang=\"EN-US\">\u00a0<img decoding=\"async\" class=\"alignnone wp-image-3701 size-full\" src=\"\/wp-content\/uploads\/2017\/07\/Hans.jpg\" alt=\"\" width=\"139\" height=\"183\" \/><\/span><\/p>\n<\/td>\n<td style=\"width: 150.95pt; padding: 0cm 5.4pt 0cm 5.4pt;\" width=\"151\">\n<p class=\"MsoNormal\"><span class=\"SpellE\"><span lang=\"EN-US\">Vorname<\/span><\/span><span lang=\"EN-US\">:<\/span><\/p>\n<\/td>\n<td style=\"width: 150.95pt; padding: 0cm 5.4pt 0cm 5.4pt;\" width=\"151\">\n<p class=\"MsoNormal\"><span lang=\"EN-US\">Hans<\/span><\/p>\n<\/td>\n<\/tr>\n<tr style=\"mso-yfti-irow: 1; height: 15.85pt;\">\n<td style=\"width: 150.95pt; padding: 0cm 5.4pt 0cm 5.4pt; height: 15.85pt;\" width=\"151\">\n<p class=\"MsoNormal\"><span class=\"SpellE\"><span lang=\"EN-US\">Nachname<\/span><\/span><\/p>\n<\/td>\n<td style=\"width: 150.95pt; padding: 0cm 5.4pt 0cm 5.4pt; height: 15.85pt;\" width=\"151\">\n<p class=\"MsoNormal\"><span class=\"SpellE\"><span lang=\"EN-US\">Balmer<\/span><\/span><\/p>\n<\/td>\n<\/tr>\n<tr style=\"mso-yfti-irow: 2; height: 16.05pt;\">\n<td style=\"width: 150.95pt; padding: 0cm 5.4pt 0cm 5.4pt; height: 16.05pt;\" width=\"151\">\n<p class=\"MsoNormal\"><span class=\"SpellE\"><span lang=\"EN-US\">Praktiziert<\/span><\/span><span lang=\"EN-US\"> <span class=\"SpellE\">seit<\/span>:<\/span><\/p>\n<\/td>\n<td style=\"width: 150.95pt; padding: 0cm 5.4pt 0cm 5.4pt; height: 16.05pt;\" width=\"151\">\n<p class=\"MsoNormal\"><span lang=\"EN-US\">1980<\/span><\/p>\n<\/td>\n<\/tr>\n<tr style=\"mso-yfti-irow: 3; mso-yfti-lastrow: yes; height: 13.25pt;\">\n<td style=\"width: 150.95pt; padding: 0cm 5.4pt 0cm 5.4pt; height: 13.25pt;\" width=\"151\">\n<p class=\"MsoNormal\"><span class=\"SpellE\"><span lang=\"EN-US\">Gradierung<\/span><\/span><span lang=\"EN-US\">:<\/span><\/p>\n<\/td>\n<td style=\"width: 150.95pt; padding: 0cm 5.4pt 0cm 5.4pt; height: 13.25pt;\" width=\"151\">\n<p class=\"MsoNormal\"><span lang=\"EN-US\">4.Dan<\/span><\/p>\n<\/td>\n<\/tr>\n<\/tbody>\n<\/table>\n<div id=\"c63\" class=\"csc-default\">\n<div class=\"csc-textpic csc-textpic-intext-left-nowrap\">\n<div class=\"csc-textpic-text\">\n<p class=\"bodytext\">Mitglied der technischen Kommission des AIKI-KAI Z\u00dcRICH<\/p>\n<\/div>\n<\/div>\n<\/div>\n<div id=\"c152\" class=\"csc-default\">\n<p class=\"bodytext\">Als ich 1980 mit Aikido anfing, hatte ich keine Ahnung, wie sehr das mein weiteres Leben beeinflussen w\u00fcrde. Weder Kampfsport noch exotische Rituale interessierten mich, und ich war sicher kein guter Sch\u00fcler auf der Matte. Dass ich trotzdem drangeblieben bin, hatte nicht mit Ehrgeiz oder Willenskraft zu tun; vielmehr sp\u00fcrte ich, wie ich mich nach jeder Lektion wohl f\u00fchlte.<\/p>\n<p class=\"bodytext\">Ich begann nach dem Geheimnis dieser \u00dcbungen zu suchen und besuchte Lehrg\u00e4nge bei verschiedenen Lehrern, von denen viele zu Morihei Ueshibas direkten Sch\u00fclern geh\u00f6rten. Ihre Didaktik und ihre Pers\u00f6nlichkeiten waren sehr unterschiedlich, doch alle hatten eine beeindruckende Kraft und Ausstrahlung, eine Pr\u00e4zision und Leichtigkeit. Ich begann mich mit verschiedenen (traditionellen und modernen) Methoden zur Entwicklung von K\u00f6rperbewusstsein zu besch\u00e4ftigen. So ist mein Verst\u00e4ndnis von Aikido heute auch gepr\u00e4gt durch meine Erfahrungen mit Vipassana, Zen und mit der Feldenkrais-Methode, sowie durch Inspirationen von Lehrern wie D\u00fcrkheim, Krishnamurti u.a.<\/p>\n<p class=\"bodytext\">Aikido ist f\u00fcr mich ein Weg zur \u00dcberwindung von Zwanghaftigkeit und Arroganz, der uns eine Alternative erleben l\u00e4sst zum ewigen Kreis von Angst und Gewalt, in dem wir alle bewusst oder unbewusst gefangen sind.<\/p>\n<\/div>\n<\/div>\n","protected":false},"excerpt":{"rendered":"<p>\u00a0 Vorname: Hans Nachname Balmer Praktiziert seit: 1980 Gradierung: 4.Dan Mitglied der technischen Kommission des AIKI-KAI Z\u00dcRICH Als ich 1980 mit Aikido anfing, hatte ich keine Ahnung, wie sehr das mein weiteres Leben beeinflussen w\u00fcrde. Weder Kampfsport noch exotische Rituale interessierten mich, und ich war sicher kein guter Sch\u00fcler auf der Matte. Dass ich trotzdem &hellip; <\/p>\n<p class=\"link-more\"><a href=\"https:\/\/aikikai-test.ch\/?page_id=97\" class=\"more-link\"><span class=\"screen-reader-text\">\u201eHans Balmer\u201c <\/span>weiterlesen<\/a><\/p>\n","protected":false},"author":1,"featured_media":0,"parent":0,"menu_order":0,"comment_status":"closed","ping_status":"closed","template":"","meta":{"footnotes":""},"class_list":["post-97","page","type-page","status-publish","hentry"],"_links":{"self":[{"href":"https:\/\/aikikai-test.ch\/index.php?rest_route=\/wp\/v2\/pages\/97","targetHints":{"allow":["GET"]}}],"collection":[{"href":"https:\/\/aikikai-test.ch\/index.php?rest_route=\/wp\/v2\/pages"}],"about":[{"href":"https:\/\/aikikai-test.ch\/index.php?rest_route=\/wp\/v2\/types\/page"}],"author":[{"embeddable":true,"href":"https:\/\/aikikai-test.ch\/index.php?rest_route=\/wp\/v2\/users\/1"}],"replies":[{"embeddable":true,"href":"https:\/\/aikikai-test.ch\/index.php?rest_route=%2Fwp%2Fv2%2Fcomments&post=97"}],"version-history":[{"count":5,"href":"https:\/\/aikikai-test.ch\/index.php?rest_route=\/wp\/v2\/pages\/97\/revisions"}],"predecessor-version":[{"id":5380,"href":"https:\/\/aikikai-test.ch\/index.php?rest_route=\/wp\/v2\/pages\/97\/revisions\/5380"}],"wp:attachment":[{"href":"https:\/\/aikikai-test.ch\/index.php?rest_route=%2Fwp%2Fv2%2Fmedia&parent=97"}],"curies":[{"name":"wp","href":"https:\/\/api.w.org\/{rel}","templated":true}]}}